. Let j(c) = -c. Let s(l) = i(l) + 3*j(l). Give s(p).
-2
Let s(i) = -i**2 - 6*i - 4. Suppose -30 = -4*f + 4*r - 2*r, -4*r - 4 = -f. Let j(q) = q**3 - q**2 - 12. Let p be j(0). Let c = p + f. What is s(c)?
4
Let a(y) = -3*y**3 + 5*y**2 + 3*y + 2. Let s(t) = -7 + 3*t**3 + 3*t**3 + 4*t**3 - 10*t - 16*t**2. Let f(o) = -7*a(o) - 2*s(o). Determine f(3).
-3
Let m(h) = -h**2 - 4*h - 2. Let n = 4 + 2. Let v(g) = -g**2 + 2*g + 5. Let j be v(5). Let c = n + j. Calculate m(c).
-2
Let c(b) = 4*b + 12. Let f(g) = g + 1. Let u(s) = -c(s) + 3*f(s). What is u(-8)?
-1
Let y(s) = 3*s - 3. Let a be ((-27)/3)/3 + -1. Let g(k) = 12*k - 12. Let t(m) = a*g(m) + 15*y(m). Calculate t(-3).
12
Let z(n) be the second derivative of 1/3*n**3 + 1/2*n**2 + 0 - 3*n. Calculate z(-4).
-7
Let r(k) be the third derivative of k**4/24 - k**3 + 4*k**2. Let q = -2 + 4. Suppose -3 + 2 = -4*s + c, q*s - c = 1. Calculate r(s).
-6
Let p(i) = i**2 + 1. Let x(c) = -4*c**2 - 9*c + 5. Let q(r) = -3*p(r) - x(r). Calculate q(-9).
-8
Let o(n) be the first derivative of -3*n**4/8 - n**2/2 - 4. Let x(g) be the second derivative of o(g). Give x(1).
-9
Let c(w) be the first derivative of -3*w**2 + w + 15. What is c(-1)?
7
Let z(y) = 10*y - 5*y - y**3 - 2*y - 2. Determine z(-3).
16
Let r(s) = -s**3 - 6*s**2 - 7*s - 7. Let g = 14 - 19. What is r(g)?
3
Let y(s) = -s + 5. Let p be y(4). Let j(x) = 6*x**2 + 1. Give j(p).
7
Let n(d) be the third derivative of d**6/120 + d**5/12 + d**4/4 + d**3/6 + d**2. Suppose -9 + 25 = -4*j. Let l be j - 0*(-3)/15. Determine n(l).
-7
Suppose 2*s + 2*s = 12. Let q(k) be the first derivative of k**3/3 - k**2/2 + 3. Give q(s).
6
Let t(w) = -2*w**3 - 5*w**2 - 4*w + 1. Let f(z) = 5*z**3 + 11*z**2 + 8*z - 2. Let g(q) = 3*f(q) + 7*t(q). Suppose 4*n - m - 7 = 0, -5*m + 10 = -15. Give g(n).
-2
Let p(k) be the first derivative of k**4/4 + k**3 + k**2/2 - 4*k + 7. Calculate p(-3).
-7
Let f(k) = k**3 + 2*k**2 - 2*k + 3. Suppose 4*l = l + 87. Suppose -3*i = 1 + 2, -5*i - l = r. Let j be ((-1)/2)/((-4)/r). Determine f(j).
0
Let p(c) = 5 + 0*c + 0*c - 5*c**2 - 2*c - c - c**3. Suppose 35 = -4*j + 3*k, -j - 3*k = -6*k + 20. Let u be j - ((-2)/2 + 0). Give p(u).
1
Let g(s) = -s**3 + 22 - 56 + 3*s + 3*s**2 + 32. Let m be 2*(1 - (-1)/2). What is g(m)?
7
Let r(i) = i - 2. Let n be r(5). Let d(h) = -h**2 + h + 3. Let w be d(n). Let j be 6/(w/(-3) - -1). Let s(b) = 3*b - 4. Calculate s(j).
5
Let z(v) = -1 - 9*v**3 + 5*v**3 + 5 + 3*v**3 - 5*v - 6*v**2. What is z(-4)?
-8
Let f(r) = -r**3 + 2*r**2 + 0*r**3 + 5 - 4 + 3*r. Suppose -2*b - 4*h = 2, -3*h + 2 = -2*b - 0*h. Let m be 1/(0 + b/(-3)). Determine f(m).
1
Let b(c) = -c - 2. Let r be b(6). Let n = r + 8. Let t(i) = i**2 + i + 6. Give t(n).
6
Let f be (-91)/(-21) - 2/9*-3. Let b(w) = -3*w - 2. What is b(f)?
-17
Let l(k) = k**2 + 5*k + 5. Let b(i) = -3*i**2 - 15*i - 16. Let w(o) = 2*b(o) + 7*l(o). Suppose 0*s + s + 3 = 0. Let v be 32/12*s/2. What is w(v)?
-1
Let c(g) be the second derivative of 7*g**4/12 + g**3/6 - g**2/2 - g. Suppose 0*z = -2*z + 8. Suppose 5*p - p = z. Give c(p).
7
Let y(b) = -2*b + 5. Let r = -13 + 19. Give y(r).
-7
Let t(u) be the first derivative of u**4/4 + u**3/3 + u**2/2 - u + 6. Calculate t(-2).
-7
Let j(z) = z**3 + 9*z**2 - z - 7. Let o be ((-45)/(-12))/(-5)*12. Let p be j(o). Let s(x) = 5*x - 1. What is s(p)?
9
Let d(r) = 3*r**3 + 2*r**3 + 4*r + 6 + r**3 - 7*r**2 - 5*r**3. What is d(6)?
-6
Let i(d) be the second derivative of -d**4/12 + d**3/2 + d**2 - d. Let v be (8/6)/(1/45). Let t be 20/(-70) + v/14. Give i(t).
-2
Let o(l) = l**3 - 6*l**2 - l - 1. Suppose 8*s - 5*s - 18 = 0. Give o(s).
-7
Let r(i) = 4*i**3 + 4*i + 5. Let x(d) = 3*d**3 + 5*d + 6. Let b(p) = -6*r(p) + 5*x(p). Calculate b(-1).
8
Let y be (4/(-3))/((-2)/3). Let q(u) = -y*u + u - 1 + 3 - u. Calculate q(2).
-2
Let a(b) = b**2 - 6. Let y(h) = -h**3 - 7*h**2 - 6*h. Let k be y(-6). Let u be a(k). Let t(g) = 2*g + 9. Calculate t(u).
-3
Suppose -4*u - 2*t = -14, -5*u + 14 - 1 = -2*t. Let k(y) = 4 + y**u + 4 + 2*y**2 - 5*y**2 - 6*y - 3. Calculate k(4).
-3
Suppose 0 = -4*d + 4*c + 51 + 29, -3*d + 5*c + 68 = 0. Let n be (-20)/d - (-1)/4. Let z(m) = -3*m**2 + 9*m**2 + 0*m - 1 - m. Determine z(n).
6
Let f(h) be the second derivative of -2*h + 3/2*h**2 + 1/12*h**4 + 0 - 1/2*h**3. What is f(3)?
3
Let n(g) = g**2 + 2*g. Let b(x) = -2*x. Let y(w) = -3*b(w) + n(w). Determine y(-9).
9
Let z = -8 + 16. Suppose 0 = q + 3*q + z. Let b(p) be the second derivative of -p**4/12 + p**2 + p. Calculate b(q).
-2
Let o(s) be the first derivative of s**2 - 2*s + 2. What is o(-2)?
-6
Let q(w) = -6*w + 18 - 41 + 23. Let s(z) = -z**3 - z**2 + 4*z + 3. Suppose 3*k + 10 = -2*k. Let i be s(k). Give q(i).
6
Let l(r) = 8*r**2 - 9*r**2 - r - 10 - 3*r + 10*r. What is l(7)?
-17
Let x(k) = -3*k**2 + k**2 + 3*k - 3 - 4*k + k**2. Let w be x(0). Let f(j) = j**2 + 2*j + 4. Determine f(w).
7
Let k(l) = l**3 - 10*l**2 - 10*l - 8. Let q be k(11). Let d(j) be the first derivative of 0*j**2 - 1 - 1/3*j**q + j. What is d(-2)?
-3
Suppose -3*n - j - 15 = 2*n, -32 = 3*n - 4*j. Let m(t) = -t**3 - 2 - 2*t - 3*t - 5*t**2 + 0*t. What is m(n)?
2
Let w(o) be the second derivative of o**5/20 + 7*o**4/12 + o**3/6 - 2*o**2 - 33*o. Calculate w(-7).
-11
Let a(g) = -g**2 - 4*g + 1. Let j be a(-3). Let q(v) = 2*v**3 - v**3 - j*v**2 - 2 + v + 2*v**2. Calculate q(3).
10
Let w(g) = 2*g + 3. Let u be 4/(-6)*18/(-4). Let j be 2/(-3)*(4 + -28). Suppose 0 = -r - u*r - j. Calculate w(r).
-5
Let w = 1 + 4. Let l be 1/(1/4 + 0). Let g(z) = 4*z**2 + 2*z**3 - 3*z**3 + l + 2*z**2 - 7*z. Give g(w).
-6
Let p be 0 + 2 + -9 + 10. Let f(x) = 1 + 4*x - p*x + 4*x + x. Calculate f(1).
7
Let s(j) = j**2 + 4*j + 4. Suppose 24 + 1 = -5*o. Let b be 16/(-5) + (-1)/o. Calculate s(b).
1
Let f(z) = -7*z - 8. Let u(m) = -13*m - 17. Let i(a) = -11*f(a) + 6*u(a). What is i(0)?
-14
Let w(a) = a**2 + a. Let c(x) = 5*x**2 + 14*x - 4. Let r(m) = -c(m) + 6*w(m). Give r(6).
-8
Let i(s) = -s. Let a(y) = y**2 - 6*y + 3. Let q(j) = -j**3 - 3*j**2 - 2*j - 2. Let l be q(-3). Let v be a(l). Determine i(v).
5
Let n = -11 + 7. Let s(c) = 8*c - 6*c - 8*c + 1 - 7 - c**2. Determine s(n).
2
Let h = 8 + -5. Let i(m) = -4 + h - 2*m + m + 3. Let z be i(6). Let w(u) = -u + 3. Give w(z).
7
Let s(d) be the second derivative of d**4/12 - 5*d**3/6 - 5*d**2/2 + 14*d. Suppose -t = 3*l - 13 + 2, 8 = 4*l + 3*t. Determine s(l).
-5
Suppose 2*n - 3*n - 5*o = -9, o - 21 = 3*n. Let z(l) = -l**3 - 6*l**2. Calculate z(n).
0
Let s(g) = -2*g - 2. Let a(v) = 4*v + 3. Let k(b) = 3*a(b) + 5*s(b). Let q = -3 - -2. Give k(q).
-3
Let i(q) = 6*q**2 - 4 + 2 - 7*q**2 + 2*q**2 + 6*q. What is i(-6)?
-2
Suppose n - 4*n = -z, 3*z - 13 = -4*n. Let a(m) be the first derivative of -5*m**4/4 + m**2/2 - 10. Determine a(n).
-4
Suppose -4*q = -5 + 1. Suppose 0 = -2*v + 3 + 3. Let h(z) = -v*z + z + z + 1. Calculate h(q).
0
Let k(l) = -13*l - 44. Let g(i) = -5*i - 15. Let a(s) = 8*g(s) - 3*k(s). Give a(9).
3
Let j(n) = -3*n - 4. Suppose -5 + 14 = -3*q. Let m be j(q). Let v(i) = -i + 1 + 0*i + 3. Determine v(m).
-1
Let i(t) = t**2 - 3*t**2 + 4*t - t + 1 - 4*t. Calculate i(2).
-9
Let i(p) = -8*p**3 - 3*p + 0*p + 4*p**2 + 9*p**3 + 5. Determine i(-5).
-5
Suppose -109*y = -114*y + 30. Let s(v) = v - 2. What is s(y)?
4
Let d(k) = -k**2 + 4*k + 4. Let o be d(4). Suppose 2 - 22 = -o*u. Suppose -12 = -u*p + 3. Let g(j) = j**2 - 2*j - 4. Give g(p).
-1
Let i(s) = 21*s + 11 - 9*s - 11*s. Let d = -2 - 3. What is i(d)?
6
Let x(a) = -11*a**3 - 3*a**2 + 5*a + 11. Let f(v) = 2*v + 17*v**2 - 18*v**2 - 4*v**3 + 5 - 1. Let w(h) = -8*f(h) + 3*x(h). Let d = 5 - 5. What is w(d)?
1
Let d(y) = -14 + 0*y - 4*y + 3*y. Give d(0).
-14
Let i(o) = 2*o**2 + 2*o + 1. Suppose -12 = -2*k - 3*w + 3, 0 = 3*k + w - 19. Suppose -k = 5*a + 4. Calculate i(a).
5
Let u(s) = -7*s**3 + 2*s**2 + 3*s + 1. Let o(f) = -15*f**3 + 4*f**2 + 6*f + 2. Let g(q) = -6*o(q) + 13*u(q). Determine g(3).
1
Let i(p) = -p - 5. Suppose -4*l + 2 = -10. Let n(k) = k - 2*k - 1 - l. Let d be n(-4). What is i(d)?
-5
Let p = 0 + 1. Let x(s) = -1 - s**2 - p - 5*s + 2. Give x(-4).
4
Let n(g) = g. Suppose -3*d - 8 = -z + 2, -3*z - 40 = 5*d. Let h be n(d). Let o(m) = -m**3 - 4*m**2 + 2*m - 5. Calculate o(h).
10
Let p(v) = -2*v - 5. Let z(u) = -4*u - 4. Let r be z(0). What is p(r